- -4 - (-3 - -4 - -5)?
0
What is -20 + 16 - (-1 - 5) - 1?
1
(-24 - -24) + (1 - (0 + 0))
1
(1 - (-3 + 0)) + (-3 - 1)
0
12 + -18 - (-2 + -5)
1
What is 0 + -8 + -1 + 8?
-1
What is 11 - (8 - -8 - 8)?
3
Evaluate 11 + -17 + 10 + -11.
-7
What is -10 + (0 - ((-6 - 1) + 4))?
-7
What is the value of (0 - 9) + 5 - -1?
-3
Calculate 7 - (-7 + (21 - 5)).
-2
What is (-2 - 1) + -11 + 15 + 7?
8
What is the value of (-5 - (-7 - (7 + -11))) + -1?
-3
Evaluate 5 + (-6 - -3) - (3 - -1).
-2
Calculate (-1 - 5) + 8 + -6.
-4
Evaluate -2 + 1 - 4 - (7 + -10).
-2
Calculate 22 + -8 + -10 + 0.
4
Evaluate (-9 - (-7 + 2)) + 6.
2
7 + (4 - 0) + -7
4
Evaluate -11 - 2 - (-19 + 14).
-8
What is the value of 0 + -2 + -3 + (0 - 2)?
-7
What is -14 - -14 - (-2 - -4)?
-2
What is (2 + -1 - (-16 - -9)) + -3?
5
1 + (-6 - (2 + (0 - 2)))
-5
What is the value of -1 - -5 - (2 - 3)?
5
What is 21 + -9 + -6 - 2?
4
Calculate 2 + 2 + -3 - 3.
-2
(2 - (-1 + 2 + -1)) + 2
4
What is the value of -4 - (2 + -4 + 2 - 0)?
-4
What is 1 + -2 - -5 - (3 - 2)?
3
What is the value of -5 + 5 + (0 - 3) + 3?
0
Evaluate -38 - -45 - (0 - -4).
3
What is the value of (-4 - -5) + (4 + 4 - 7)?
2
Calculate 3 + -1 - (4 + 3 + -4).
-1
Evaluate -2 + (2 - (-4 - (-10 - -4))).
-2
What is the value of 1 - (3 + 3 + -4)?
-1
What is 2 - -1 - (-2 - (-9 + 0))?
-4
What is the value of -9 - (-3 + (-2 - 8))?
4
Evaluate (-2 + -3 - (6 + -11)) + 3.
3
Evaluate 7 + 0 - (1 - -6) - -7.
7
(4 - 1) + -8 + 1 + 3
-1
What is 5 - 0 - (3 - 0) - -3?
5
Calculate 3 - ((1 - -5) + (-37 - -37)).
-3
4 + (-7 - -8) - 4
1
What is the value of -1 + -4 - -8 - 4 - -2?
1
(3 + 2 - 0) + 1 - 2
4
Calculate (7 - 13) + 7 - -2.
3
What is 0 + (-7 - (-9 - -3))?
-1
0 + -8 + 3 + 0
-5
What is the value of 0 + 1 + -5 + 1 + 5?
2
Evaluate -7 + 11 - (6 - 2).
0
Evaluate (-28 - -39) + (-15 - -6).
2
What is the value of -6 + -2 + -2 + 3 + 2?
-5
Evaluate 5 + -3 - 0 - -1.
3
What is the value of -1 + 2 - (0 + (-6 - -5))?
2
Calculate -9 - (-10 - (7 - 1)).
7
Calculate (-2 - (-9 - -4)) + 0 - 9.
-6
What is the value of 6 - 1 - 4 - (-1 - 1)?
3
-3 + 0 + -11 + 9 + 2
-3
Calculate 1 + -5 - (1 - 8).
3
Evaluate 3 + 0 - (5 + -8 - -6).
0
What is the value of -4 - (0 + 4 - 4)?
-4
(1 - 5) + (1 - -2 - 2)
-3
Evaluate (-11 - -5) + (2 - 4).
-8
Calculate 1 + 14 + -5 + -1.
9
Evaluate -6 + (-6 - (-17 + -6 + 5)).
6
Evaluate (-7 - -4) + 1 + 2.
0
What is the value of 1 - (0 + 1) - (76 - 72)?
-4
-4 - (8 + -4 - 2)
-6
(4 - 0) + -3 + 4
5
Calculate -4 - -9 - 1 - 9.
-5
Calculate -1 + (0 - -2) + (-54 - -53).
0
1 + -4 - -2 - 1
-2
Calculate 9 + -5 + -5 - (2 + 2).
-5
Evaluate 2 + 0 + (9 - 6).
5
What is the value of -5 + -9 + 9 - -10?
5
Evaluate 6 + (-6 - (5 - 6)).
1
Calculate -7 + 4 + (-2 - -2).
-3
Evaluate -1 + -7 + (-6 - (-26 - -14)).
-2
What is -3 + -2 + 3 + -2?
-4
What is 2 + (1 - (-1 - -4))?
0
What is 8 + -5 - (3 + -3 + 1)?
2
What is the value of 0 + 13 + 5 + -12?
6
Evaluate (-3 + 7 - 6 - 5) + 15.
8
What is 6 + (-4 + 1 - 9)?
-6
What is the value of 3 + (1 - -1) + -4?
1
Calculate (-2 + 5 - -1) + -12 + 5.
-3
0 - (0 - (-5 - -9))
4
Evaluate (62 - 66) + -1 + 9.
4
Calculate -2 + -7 + 11 - 11.
-9
Evaluate 5 - (2 - 5 - (-9 + 3)).
2
(11 - 6 - -9) + -6
8
(2 - 4 - -4) + (-1 - 1)
0
(-6 - 0) + (23 + -20 - 4)
-7
What is -1 + (4 - (-1 + 3)) + -1?
0
What is 6 - (2 + 3 + 5)?
-4
Evaluate -2 + -3 - (1 + -3).
-3
5 + 10 + -3 + -4
8
-24 + 29 + (-1 - -1 - 3)
2
Evaluate 2 + 4 - (6 + -5).
5
Evaluate 0 + -13 - (100 - 107).
-6
Calculate (8 - (-4 - -1)) + -4 + 1.
8
What is the value of -1 + -4 + 1 + 4?
0
5 + (-2 + 0 - (3 + -5))
5
Evaluate 6 + (0 - (4 + 6 + -6)).
2
What is 1 - -9 - (90 + -80)?
0
What is the value of 13 - (5 + (-11 - -8))?
11
What is the value of 5 - (-2 + 3 + 3)?
1
What is -4 - (2 + 1 + (-4 - 0))?
-3
Evaluate 8 + -3 + 5 + -10.
0
Evaluate (-7 - -5) + 0 + -1 + 0.
-3
What is -5 - (-14 - 4) - 6?
7
2 + 1 + (-6 + 13 - 12)
-2
What is 4 - (0 - 4 - 2) - 7?
3
Calculate 0 + -4 - 1 - (8 - 15).
2
Calculate 6 - (-4 + 1 + 25 + -24).
8
(2 - (3 - -1)) + -8
-10
Calculate 3 + 3 + -12 + 4.
-2
Evaluate 7 - (0 + 3 + -1 + 1).
4
11 + -6 + -10 - (-6 - 0)
1
Evaluate 3 + (1 - (-5 - -11 - 1)).
-1
What is the value of -2 - (3 - -11 - 9)?
-7
Calculate (16 - (-2 + 4)) + (17 - 24).
7
What is the value of 5 + -1 - ((-1 - -6) + -1)?
0
What is the value of 7 - ((19 - 12) + (-6 - 0))?
6
0 - 8 - (-3 - 0)
-5
Evaluate 8 - (-6 + 6 + 7).
1
Calculate -11 + 18 + -10 - -2.
-1
What is -1 + 6 + -9 + 6?
2
What is the value of 0 + 2 + -1 - (1 - 1)?
1
What is (-11 - -9) + 0 + 5 + -3?
0
What is the value of (1 - (2 - 5) - 2) + -5?
-3
What is the value of 4 + (-4 - 2) + -2?
-4
Calculate 5 - (14 - 4) - 1 - -7.
1
What is (4 - 1 - -9) + -6 + 0?
6
What is 1 + -15 + 7 + 7?
0
Calculate -2 + 10 + (32 - 36).
4
Calculate -1 + -3 + 30 + -30.
-4
-10 - -18 - (2 - 0)
6
Evaluate (2 + -2 - 1) + -6 + 13.
6
Calculate -2 + -2 + -4 + 9.
1
7 - (-4 + 7 + 5 + -6)
5
7 - (-3 - -18) - -3
-5
-5 - (4 + -12 + 4)
-1
What is the value of 1 - (9 - 6) - 3?
-5
Evaluate -49 - -40 - (0 - 2).
-7
Calculate 0 - 1 - (-10 + 6).
3
Calculate -3 + -13 + 8 - (1 + -7).
-2
-4 + 3 - (3 + -7)
3
What is the value of 0 + -2 + 4 + -10 + 4?
-4
What is -8 + 1 + -3 + (4 - -1)?
-5
Evaluate -3 + -1 + (-17 - (13 + -25)).
-9
What is the value of (-2 + 4 - -1) + 2?
5
What is (9 - 13) + (-4 - -2 - -8)?
2
What is the value of 8 + 0 + -1 + -6?
1
(4 + -1 - 3) + 3
3
-11 + (-6 - (1 + 0) - -14)
-4
What is 7 - (3 + 7) - (-8 - -4)?
1
Evaluate 3 - (1 - ((-5 - 4) + 6)).
-1
Calculate (6 - 8) + -12 + 11.
-3
What is the value of -2 + -3 + 0 + 7?
2
-2 - 1 - (-4 - (0 - 1))
0
What is -3 + 5 + -2 + 1 + 1?
2
Calculate (3 - -1) + (-15 - -12).
1
What is 24 + -19 - (3 + 0)?
2
Calculate -25 + 31 + -2 + -2 + 2.
4
Evaluate -7 + -1 + (1 - -3).
-4
6 + -11 + 0 + 1 + 1
-3
4 - (7 + (4 - 2) + -7)
2
What is the value of 44 - 49 - (1 + -2) - 2?
-6
What is the value of 9 + (-4 - 2) + -4?
-1
Calculate 5 + -17 + 3 + 6.
-3
What is 7 - 2 - (-5 - -9)?
1
What is the value of 3 + -6 + 5 - (-4 + 1)?
5
What is the value of -3 - (-1 + (-5 - -2))?
1
What is -1 - -4 - (2 - (1 - -1))?
3
What is (-11 - -9) + 1 + 7?
6
Calculate 3 + (-8 - -5) - -3.
3
Calculate (-1 - -4) + -4 + 0 - 1.
-2
-6 - -1 - (-5 + 1 + 2)
-3
-2 - (2 + -5) - (54 + -60)
7
What is (8 + -5 - -4) + -4?
3
What is the value of 47 + -50 - (-1 - (4 + 3))?
5
What is the value of 10 - 3 - (3 - -1)?
3
4 + (0 + 4 - 6) - 5
-3
What is the value of (-3 - (-3 - 0 - -2)) + 5?
3
Calculate 1 + -16 + 6 + (0 - -4).
-5
What is -3 - -5 - (4 - 4)?
2
Evaluate -3 - (0 - 4) - (-3 - 0).
4
Calculate -9 + -2 + (-6 - -12).
-5
Evaluate (-3 - (10 - 10)) + -1 + 6.
2
Calculate (2 - -1) + (5 - 3) + -9.
-4
10 + (5 - 12) - (-1 + 1)
3
Calculate (0 - 0) + -2 + (-11 - -10).
-3
What is 4 - ((1 - 1) + 7)?
-3
What is the value of -12 - (-2 - (8 + -7))?
-9
What is -1 - (-8 + -7 + (10 - 5))?
9
What is (2 - (-1 + 2)) + -6?
-5
Evaluate -1 + 0 - (4 + (-15 - -10)).
0
14 + 10 + -23 + 9
10
What is the value of (1 + -2 - -2) + (6 - 2)?
5
1 + -5 + 6 - -2
4
What is the value of (-10 + 15 - -4) + -17?
-8
Evaluate 7 + 9 + -2 + -16.
-2
Calculate (24 + -6 - 1) + -11.
6
Calculate (-2 - -5) + (-3 - 3 - 2).
-5
(-1 - 1) + 4 + 2
4
What is 0 - (-4 + -2 + -1 + 3)?
4
What is -13 - (-5 + 6 - 12)?
-2
Calculate -1 - (-2 - 2) - 0.
3
Calculate 7 + -2 + (3 - 3).
5
(-3 - 0 - (-5 + 0)) + 0
2
What is -14 - (3 + 1 + -11)?
-7
Calculate (-2 - -5) + (1 - (0 + 5)).
-1
Calculate -13 + 3 + 5 + 3.
-2
What is 228 + -227 + 0 + 9?
10
(-5 - -2) + (0 - -7)
4
Calculate (-1 - 7) + (7 - (4 + -1)).
-4
Calculate -1 - (-7 - (3 - (0 - -8))).
1
What is the value of 1 - (-2 - (-2 + 1) - 1)?
3
Calculate 1 + (2 - 5) + 4.
2
What is the value of -1 - 0 - (4 - (-19 - -19))?
-5
-2 - -14 - (-18 + 25)
5
Calculate (2 - -4) + -23 + 14.
-3
What is -1 + (-7 - (-8 - -4)) + -1?
-5
What is -10 + (3 - 4 - -7)?
-4
What is the value of 4 + -2 + 0 - 7?
-5
What is the value of 5 + (3 - 7) + (1 - -3)?
5
Evaluate 4 - (2 - (9 - 5) - -1).
5
What is the value of 1 + (8 - 5) + (-1 - 3)?
0
Evaluate 18 - 5 - ((0 - -5) + 3).
5
-2 - ((-5 - -4 - -3) + -2)
-2
What is 4 + (0 - (0 + 1) - -1)?
4
Evaluate -2 + 0 - (1 + -2).
-1
Evaluate (-2 - (-1 - 10)) + 30 + -35.
4
Evaluate 3 - (-9 - (-1 + -10)).
1
What is (-7 - -4) + (-4 + 12 - 8)?
-3
What is 12 + -4 + 2 - (9 + -3)?
4
Calculate 0 + (-5 - (0 + (-3 - 0))).
-2
Evaluate -8 - -2 - (2 + -3).
-5
Ca